). Calculate h(5).
4
Let k(h) = h**2 - 5*h + 2. Suppose 15 = -5*n + 5*v + 80, -3 = 3*v. Suppose -j + 75 = 4*j. Suppose 4*b = -2*c - 3*c + j, -2*c - n = -2*b. Determine k(b).
2
Let u be (-2)/(-5) + (-168)/(-30). Let m = 10 - u. Let p(a) = -4*a + 4. Let h(z) = 7*z - 8. Let g(y) = 3*h(y) + 5*p(y). Calculate g(m).
0
Let n(g) be the third derivative of -g**6/120 - g**5/12 - g**4/8 + g**3/2 + 5*g**2 + 4. Give n(-5).
18
Let r(m) = -m**2 + 2*m - 1. Let p = 11 + -10. Let l be r(p). Let q(f) = -f**2 - 2*f. Let u(i) = -5*i**2 - 11*i. Let j(w) = -11*q(w) + 2*u(w). Determine j(l).
0
Let a(k) = -k**3 + 3*k**2 + 3*k - 4. Let j be 42 - (1 + (-1 - 1)). Suppose l - 5*o + 1 = -0, 5*l - o = j. Suppose 3*t - l = 3. Determine a(t).
-8
Let h be 3*2/15*15. Let b(v) = -v**2 + 6*v + 7. Let q be b(h). Let z be (-30)/7 + 2/q. Let a(s) = s. What is a(z)?
-4
Let q be (-14 + -1)/(2 + -1). Let l be ((-65)/q)/((-1)/(-3)). Let t be l/4 + (-4)/16. Let g(v) = v**2 - 3*v + 1. What is g(t)?
1
Let q(w) = -9*w**2 + w**3 + 10*w**2 + 2*w**3. Let a = 1 + -2. Give q(a).
-2
Let q(g) be the second derivative of g**5/20 + g**4/4 + g**2/2 - 37*g - 2. Determine q(-3).
1
Let k be (9/(-3))/(3/(-2)). Let j(s) = s - 1. Let g(w) = w**2 - 4*w + 4. Let b(f) = 2*g(f) + 7*j(f). Determine b(k).
7
Let f(h) = 0*h**3 + 1 + 2*h**3 + 0 - h**2 - 4*h + h. Determine f(2).
7
Let d(x) be the third derivative of x**6/40 + x**5/15 + x**4/8 + x**3/3 - 5*x**2. Calculate d(-2).
-12
Let y = 12 + -21. Let r = 8 + y. Let x(w) = -2*w**3 - 2*w**2 - w. Determine x(r).
1
Let v(k) = k**2 + k. Let b be v(1). Let r(j) = -2 - b*j**2 + 2*j**3 + 3*j - 4*j**3 + j**3. Suppose 2 = 2*m + 2*t - 4*t, 3*m + 5*t + 29 = 0. What is r(m)?
-2
Let a(r) = 3*r**2 - 2*r - 4. Let n(o) = 13*o**2 - 8*o - 16. Let k(f) = 9*a(f) - 2*n(f). Let j(t) = -3*t**3 + t**2 - t. Let v be j(1). Give k(v).
11
Let n(o) = -3*o**2 + 8*o**3 + 8*o**2 + 4 + 3*o + 0*o**2 - 9*o**3. What is n(6)?
-14
Let a = 7 - 6. Suppose 0 = l - 3 + a. Let y(s) = -7 + 2 + 0 + l*s. What is y(5)?
5
Let q(b) = -b**2 - 5*b + 5. Suppose 3*d = 3, 0 = -2*r - 3*d + 2*d + 5. Suppose -r*o - 152 = f, 3*f + f = 0. Let z be 2/(-8) - o/(-16). Calculate q(z).
5
Let f be (-10 - -4)/(4/(-2)). Suppose 10 = -2*o - 3*i, 1 = -2*o + 3*i + f. Let m(t) be the third derivative of -t**5/30 - t**4/8 - t**3/2 - 4*t**2. Give m(o).
-5
Let l(z) = -5*z + 1. Let m(r) = r - 4. Let i be m(6). Suppose -5*c - 3 = -i*c. Let a = c - -2. Give l(a).
-4
Let z(i) = i**2 - 3*i - 5. Let j = -81 - -87. Determine z(j).
13
Let q(g) be the third derivative of -g**5/60 + g**4/6 + g**3/6 + 8*g**2. Let n(x) = x + 8. Let a be n(-6). Suppose 3*d - a = 10. Give q(d).
1
Let m(z) be the first derivative of -5 + 14/3*z**3 + z**2 + z. Determine m(-1).
13
Let x(u) be the second derivative of 1/12*u**4 - 1/2*u**2 + 0 - 5/6*u**3 - u. Let b = -17 - -23. What is x(b)?
5
Let n(d) be the first derivative of d**6/120 + d**5/20 - d**4/12 - d**3/6 + d**2/2 - 4. Let j(b) be the second derivative of n(b). What is j(-3)?
5
Let r(v) = -v**2 - 5*v + 3. Let x = -18 + 13. Determine r(x).
3
Let i = -124 + 119. Let j(s) = s - 4. What is j(i)?
-9
Let p(s) = 4*s**2 + 15*s + 5. Let f(y) = -y**2 - 3*y - 1. Let z(m) = 11*f(m) + 2*p(m). Calculate z(-2).
-7
Let w(l) be the second derivative of l**3/6 + 2*l**2 - 3*l. Suppose 5*m - 12 = -37. Give w(m).
-1
Let i(l) = l**3 - l**2 - l. Let h be (-2 + (-20)/(-6))*(-3)/2. Calculate i(h).
-10
Let b = -10 + 14. Let v(u) = -u + 4. Let c be v(b). Let q(y) = y**3 + y + 3. Determine q(c).
3
Let f(j) be the second derivative of j**3/6 + 2*j**2 - 19*j. What is f(0)?
4
Let i = 8 - 11. Let c(b) = -4*b**2 - 2*b**3 - b + 2 + b**3 + 2*b. Calculate c(i).
-10
Let b(o) be the first derivative of -o**2 - o - 1. Let c(k) = k**3 + 3*k**2 + 1. Let f be c(-3). Let a be (-1)/f*(-1 + 3). What is b(a)?
3
Suppose -5*h = -5 - 20. Let y(f) = 2*f - 3. What is y(h)?
7
Let j = -50 + 43. Let w(f) = -f**2 - 9*f - 10. Give w(j).
4
Let y(c) = -3*c + 0 - 3 + c**2 - 2*c**2. Let x(s) = -34*s**2 - 201*s + 14. Let h be x(-6). Give y(h).
-7
Let u(a) = 1 - a + a**3 - a**2 + 3 - 2*a**2. Let t be (-5)/(-4) - 12/(-16). Suppose -t*g + 9 = g. Determine u(g).
1
Suppose -2 = -2*v, 5*y - 2 = -5*v + 18. Let i(p) = -2*p**y - 1 - 2*p + p + 4*p**3. What is i(-1)?
-2
Let d(f) = f + 6. Let w be d(-5). Suppose 2 = s - 3*m + w, -s + 5*m = -1. Let y(c) = 3*c**2 + c - 1. What is y(s)?
3
Suppose -2*u + 5*u - 4*c = 20, 5*c = -3*u + 29. Let f(i) = 2*i**2 - 7 + u + 6*i**2. Let x(z) = -z - 4. Let k be x(-5). Calculate f(k).
9
Let t(h) = h**2 + 6*h - 15. Let r be t(-8). Let s(y) = -y + 1. Calculate s(r).
0
Let h(n) = -n**3 + 6*n**2 + n - 8. Let a = 124 - 118. Determine h(a).
-2
Let n(u) = -1 + 4*u - 2*u + 4*u. Let o be (0 - -1)*1 - -4. Let l = 4 - o. What is n(l)?
-7
Let w(o) be the second derivative of -o**5/20 - o**4/4 + o**3/2 - 3*o**2/2 - 20*o. Calculate w(-4).
1
Let v(a) = 2*a - 4. Let o(s) = s + 1. Let i be o(4). Calculate v(i).
6
Let r(z) be the first derivative of -z**2/2 - 12*z + 5. Let o(k) = k + 13. Let n(v) = -3*o(v) - 4*r(v). Give n(-7).
2
Let y(m) be the second derivative of -m**3/6 + m**2/2 + 2*m. Let o(d) = -4*d + 4 + 3*d + 0*d - 5. Let r be o(-5). Give y(r).
-3
Suppose -12 = -0*a + 2*a - p, 0 = a + p. Let b(u) = u**3 + 2*u**2 - 6*u - 1. Determine b(a).
-9
Let l(s) = -2*s + 14. Suppose -v = -2*k + 3, -4*v - 4*k = -k - 32. Let o be l(v). Let j(c) = 2*c + 2. Let p(q) = q + 2. Let g(r) = 2*j(r) - 3*p(r). Give g(o).
2
Let g(m) be the second derivative of m**3/6 + 9*m**2/2 - 3*m. Calculate g(0).
9
Let r = 15 + -9. Suppose 4*i + i - p + 14 = 0, 0 = 3*i + 3*p - r. Let m = 6 + i. Let a(g) = -g**2 + 2*g + 1. Calculate a(m).
-7
Let z(h) = -h**2 + 4*h + 7. Let v(k) = k - 8. Let w be v(10). Suppose -w*m + 0*m = -12. Give z(m).
-5
Let v(c) = 3*c**2 - c - 5. Let k(t) = -t**2 + 1. Let a(b) = -2*k(b) - v(b). Suppose 5*r - 3*w = -12, 2*w + 3 - 11 = 2*r. Give a(r).
3
Let g(u) be the third derivative of u**6/120 + u**5/30 + 2*u**3/3 + u**2. Let n be (-50)/15 + (8/6)/4. Give g(n).
-5
Suppose -2*z + 4 = 2. Let g be z - 4/16*4. Let k(t) = -t**2 - t - 1. Calculate k(g).
-1
Suppose 0 = 3*t - 11 - 4. Suppose 0 = 3*c + 3*b + 3, -9 - 2 = t*c - b. Let d = 1 + c. Let f(u) = -2*u + 1. Give f(d).
3
Let q(b) = 63*b + 4 - 2 - 58*b. Determine q(-2).
-8
Let w(q) = 1166*q - 1162*q + 3*q**2 - 4*q**2 - 4. What is w(5)?
-9
Let o(b) be the third derivative of b**4/24 - b**2. Let s(j) = -4*j**3 - 2*j - 1. Let n be s(-1). Suppose 2*r - n*a = 9, -4*a - a = 5. Calculate o(r).
2
Let b(a) = -3 - 4*a + 21*a**3 - 12*a**3 - 8*a**3. Calculate b(-3).
-18
Let c be 10/3 - 1/3. Let t = c - 0. Let l(f) = -3*f - 2*f - 4*f**2 - 3 - f**t + 4*f. Calculate l(-4).
1
Let b = -29 + 25. Let i(k) = k**2 + 2*k - 5. What is i(b)?
3
Let p(d) = -d**3 - 8*d**2 + 5*d + 3. Let j be p(-9). Suppose -12 = 4*l, 5*m + l + 2*l + j = 0. Let x(u) = u**3 + 6*u**2 + u + 2. Give x(m).
-4
Let d(t) = 2 + 4*t**2 - 5 - 5*t - 2 - 3*t**2. What is d(5)?
-5
Suppose 2*z = -3 + 7. Let y(o) = -4*o - 1 - 5*o + 2*o - z*o. Calculate y(-1).
8
Suppose 4 = 2*b - 0. Let r be 2/12*b*9. Let p(a) = -a + 7. Determine p(r).
4
Suppose 0 = 5*b - 6*b. Let r(y) = y**3 + y**2 + 7. Give r(b).
7
Let c(u) = 4*u - 2. Let o(h) = -3*h + 1. Let a(x) = -2*c(x) - 3*o(x). Suppose 0 = -2*s - 2*s - 12. Let w = 7 + s. What is a(w)?
5
Let t(o) be the second derivative of o**5/20 - 3*o**4/4 + o**3/6 - 13*o**2/2 + 6*o. Let d be t(9). Let k(m) be the first derivative of -m**2/2 + 3. Give k(d).
4
Let c = -6 - -2. Suppose -4*t + 5 = 33. Let o = c - t. Let i(k) = k**3 - 5*k**2 + 2*k + 4. What is i(o)?
-8
Suppose 2*j + 2 = -0*j. Let d(t) = t - 1. Let r(g) = -g**2 + g - 1. Let q(v) = -2*d(v) + r(v). Let z(s) be the first derivative of q(s). What is z(j)?
1
Let c(n) = -n + 3. Let t be (4/8*-14)/1. Determine c(t).
10
Let d = -16 + 17. Let y(c) = -c + 4 - 3 - 2*c. What is y(d)?
-2
Let w(q) = q**3 + q**2 + 3*q**2 + 4*q**2 - 13*q**2 + 8 - 4*q. Give w(6).
20
Let p(l) = l**3 + 7*l**2 - 10*l - 10. Let h = 59 - 67. Calculate p(h).
6
Suppose -5*j = -j - 48. Suppose 4*h - 2*h = j. Let i(c) = c**3 - 7*c**2 + 6*c - 8. Give i(h).
-8
Let g(w) = -3*w - 3. Let m be 4*2 + -4 + 2. Suppose 4*b + 8 = 2*b, 64 = 2*f - 4*b. Suppose -2 + m = 2*a - 2*o, 2*a = -5*o - f. What is g(a)?
3
Let v(i) = i**2 + i - 4. Let n(x) = x**2